226041.
349, 12109
List the prime factors of 154342.
2, 77171
List the prime factors of 195538.
2, 7, 13967
What are the prime factors of 288916?
2, 72229
What are the prime factors of 22712?
2, 17, 167
What are the prime factors of 618459?
3, 206153
What are the prime factors of 14170978?
2, 229, 30941
List the prime factors of 2457960.
2, 3, 5, 20483
List the prime factors of 769574.
2, 13, 29599
What are the prime factors of 120472?
2, 11, 37
List the prime factors of 22100593.
179, 311, 397
What are the prime factors of 843582?
2, 3, 59, 2383
List the prime factors of 549553.
549553
What are the prime factors of 3088720?
2, 5, 38609
List the prime factors of 65267.
65267
List the prime factors of 2537198.
2, 1268599
What are the prime factors of 8695134?
2, 3, 7, 23003
What are the prime factors of 1067462?
2, 11, 401
List the prime factors of 10077797.
353, 28549
What are the prime factors of 6191103?
3, 31, 66571
What are the prime factors of 715287?
3, 151, 1579
List the prime factors of 9983676.
2, 3, 211, 3943
What are the prime factors of 14821596?
2, 3, 19, 31, 233
List the prime factors of 93407.
93407
What are the prime factors of 309532?
2, 77383
List the prime factors of 725220.
2, 3, 5, 17, 79
What are the prime factors of 1263080?
2, 5, 7, 13, 347
What are the prime factors of 592464?
2, 3, 12343
List the prime factors of 3175731.
3, 13, 27143
List the prime factors of 4023776.
2, 125743
What are the prime factors of 690673?
690673
What are the prime factors of 126433?
126433
What are the prime factors of 263433?
3, 87811
What are the prime factors of 11166018?
2, 3, 79, 23557
List the prime factors of 1783698.
2, 3, 7, 6067
What are the prime factors of 4173608?
2, 401, 1301
List the prime factors of 284271.
3, 13, 37, 197
List the prime factors of 3885598.
2, 67, 107, 271
What are the prime factors of 2477997?
3, 23, 11971
List the prime factors of 2691151.
17, 158303
What are the prime factors of 7776?
2, 3
What are the prime factors of 27123?
3, 9041
List the prime factors of 10417732.
2, 13, 200341
List the prime factors of 249956.
2, 7, 79, 113
What are the prime factors of 858722?
2, 429361
List the prime factors of 499087.
389, 1283
What are the prime factors of 2753061?
3, 917687
List the prime factors of 14936543.
14936543
List the prime factors of 125497.
125497
What are the prime factors of 6542105?
5, 1308421
List the prime factors of 40863.
3, 53, 257
What are the prime factors of 1493366?
2, 7, 106669
List the prime factors of 1244681.
31, 40151
What are the prime factors of 1541438?
2, 337, 2287
What are the prime factors of 2016267?
3, 11, 61099
List the prime factors of 886981.
886981
List the prime factors of 5916603.
3, 7, 11, 3659
What are the prime factors of 8518476?
2, 3, 139, 5107
What are the prime factors of 3518946?
2, 3, 195497
What are the prime factors of 92730?
2, 3, 5, 11, 281
List the prime factors of 34034262.
2, 3, 5672377
What are the prime factors of 4552912?
2, 7, 13, 53, 59
List the prime factors of 2038289.
11, 185299
List the prime factors of 1948118.
2, 349, 2791
List the prime factors of 1013345.
5, 389, 521
What are the prime factors of 598806?
2, 3, 13, 853
List the prime factors of 734914.
2, 367457
List the prime factors of 22511.
22511
List the prime factors of 3484100.
2, 5, 34841
List the prime factors of 5379376.
2, 336211
List the prime factors of 5905031.
11, 179, 2999
List the prime factors of 2104376.
2, 263047
List the prime factors of 2764894.
2, 11, 109, 1153
List the prime factors of 293164.
2, 73291
List the prime factors of 179019.
3, 19891
List the prime factors of 4790559.
3, 421, 3793
What are the prime factors of 266963?
239, 1117
What are the prime factors of 64913?
139, 467
List the prime factors of 237806.
2, 118903
List the prime factors of 29756513.
151, 197063
List the prime factors of 103211.
29, 3559
What are the prime factors of 841839?
3, 280613
List the prime factors of 1180676.
2, 7, 149, 283
List the prime factors of 16452030.
2, 3, 5, 7, 157, 499
What are the prime factors of 150628?
2, 37657
List the prime factors of 8493879.
3, 2831293
List the prime factors of 335667.
3, 41, 2729
List the prime factors of 378483.
3, 7, 67, 269
What are the prime factors of 9221313?
3, 3073771
What are the prime factors of 1432353?
3, 13, 19, 1933
What are the prime factors of 337810?
2, 5, 11, 37, 83
List the prime factors of 3143970.
2, 3, 5, 181, 193
What are the prime factors of 3360832?
2, 17, 3089
List the prime factors of 13603669.
53, 223, 1151
List the prime factors of 3726740.
2, 5, 17, 97, 113
List the prime factors of 297808.
2, 7, 2659
List the prime factors of 1027040.
2, 5, 7, 131
What are the prime factors of 605377?
79, 97
List the prime factors of 86184.
2, 3, 7, 19
List the prime factors of 307030.
2, 5, 30703
List the prime factors of 480339.
3, 19, 53
What are the prime factors of 1395257?
839, 1663
What are the prime factors of 24768440?
2, 5, 61, 10151
What are the prime factors of 760837?
7, 11, 41, 241
What are the prime factors of 3112342?
2, 61, 97, 263
List the prime factors of 1232851.
1232851
List the prime factors of 6289793.
199, 31607
What are the prime factors of 103521?
3, 11, 3137
What are the prime factors of 422606?
2, 131, 1613
What are the prime factors of 15682509?
3, 1742501
List the prime factors of 195363.
3, 7, 443
What are the prime factors of 23917701?
3, 1217, 6551
What are the prime factors of 312873?
3, 11, 19, 499
List the prime factors of 3560701.
17, 43, 4871
What are the prime factors of 1255801?
1255801
What are the prime factors of 14181389?
467, 30367
List the prime factors of 131946.
2, 3, 21991
List the prime factors of 734124.
2, 3, 131, 467
List the prime factors of 798863.
13, 29, 163
What are the prime factors of 587100?
2, 3, 5, 19, 103
What are the prime factors of 446507?
151, 2957
What are the prime factors of 4645453?
419, 11087
List the prime factors of 179031.
3, 83, 719
What are the prime factors of 1899100?
2, 5, 7, 2713
List the prime factors of 14832857.
13, 17, 41, 1637
List the prime factors of 14840712.
2, 3, 127, 541
What are the prime factors of 4919852?
2, 7, 175709
List the prime factors of 990932.
2, 23, 10771
List the prime factors of 16056273.
3, 19, 101, 2789
What are the prime factors of 248557?
17, 14621
List the prime factors of 4364514.
2, 3, 7, 11, 47, 67
What are the prime factors of 13438445?
5, 293, 9173
List the prime factors of 296884.
2, 7, 23, 461
What are the prime factors of 530775?
3, 5, 7, 337
What are the prime factors of 725524?
2, 31, 5851
List the prime factors of 123755.
5, 53, 467
List the prime factors of 56202.
2, 3, 17, 19, 29
List the prime factors of 9531229.
31, 41, 7499
What are the prime factors of 8774?
2, 41, 107
List the prime factors of 567244.
2, 141811
What are the prime factors of 2344421?
41, 211, 271
What are the prime factors of 204246?
2, 3, 7, 1621
List the prime factors of 1782962.
2, 891481
What are the prime factors of 2586753?
3, 13, 22109
List the prime factors of 1487174.
2, 13, 47, 1217
What are the prime factors of 8827676?
2, 11, 13, 23, 61
What are the prime factors of 380634?
2, 3, 63439
What are the prime factors of 121724?
2, 30431
List the prime factors of 207177.
3, 53, 1303
What are the prime factors of 1713394?
2, 856697
What are the prime factors of 5505854?
2, 331, 8317
What are the prime factors of 1753842?
2, 3, 23, 71, 179
What are the prime factors of 69420?
2, 3, 5, 13, 89
List the prime factors of 188250.
2, 3, 5, 251
What are the prime factors of 1037951?
19, 54629
List the prime factors of 22730389.
11, 2066399
What are the prime factors of 12843115?
5, 2568623
What are the prime factors of 23734472?
2, 2966809
List the prime factors of 6466904.
2, 808363
What are the prime factors of 3072893?
179, 17167
What are the prime factors of 94497?
3, 13, 2423
What are the prime factors of 1959502?
2, 541, 1811
List the prime factors of 529039.
7, 75577
What are the prime factors of 980204?
2, 37, 179
List the prime factors of 2823811.
2823811
List the prime factors of 1520313.
3, 659, 769
What are the prime factors of 227743?
227743
What are the prime factors of 30769349?
13, 47, 50359
What are the prime factors o